Let x(z) = 27*z**2 + 8*z + 992. What is the hundreds digit of x(-31)?
6
Let v = -406 - -449. Let g(t) = -6*t**2 + 272*t - 30. What is the hundreds digit of g(v)?
5
Suppose -268 - 1790 = -2*o. Suppose o + 441 = 5*k. What is the tens digit of k?
9
Let l(u) = -57*u - 13. Let g(p) = -p**2 + 2*p - 1. Let b(n) = g(n) - l(n). What is the hundreds digit of b(11)?
5
Suppose 3*h = 3*m - 651, 4*m + 2*h - 4*h = 860. Let i = -65 + m. What is the units digit of i?
8
Suppose -2111 = -3*d + 760. Suppose -33 = -17*s + 6*s. Suppose -s*g + 150 = z, d - 127 = 5*z - g. What is the tens digit of z?
6
Suppose 92*n - 87*n = 100. What is the units digit of 8/10*(140 - n)?
6
Let r(x) = 102*x - 456. Let i be 2 + 26/2 + 6 + -5. What is the units digit of r(i)?
6
Suppose 0 = 5*q + 669 - 2434. Let g = -181 + q. What is the hundreds digit of g?
1
Suppose 2*i - 10 = -4*v, 5*v - 18*i - 20 = -22*i. Suppose 3*p = 2*r + 991, -4*r = -v*p + 2*p - 634. What is the hundreds digit of p?
3
Let y = 120011 - 54716. What is the thousands digit of y?
5
Let s be -5 - 42/(-24)*4. Let g(j) = 387*j + 121. What is the units digit of g(s)?
5
Suppose 0 = 6*b + 17 - 341. Let u = b - 50. Suppose -5*v - 344 = -3*j, 0*j + 3*j + u*v = 389. What is the tens digit of j?
2
Let w(z) = -z - 261. Let r(i) = -2*i - 522. Let l(q) = 3*r(q) - 5*w(q). Let d be l(0). What is the tens digit of (2/9)/1 + (-76937)/d?
9
Let k = -17410 + 47302. What is the thousands digit of k?
9
Suppose 3*z = -5*u + 50684, 0 = -2*u - 0 + 2. What is the tens digit of z?
9
Suppose -10*g + 36 = -7*g. Suppose -4*q + 12 = 3*s - 5*s, 2*s + 4*q - g = 0. Suppose s*t + 291 = 3*t. What is the tens digit of t?
9
Suppose 0 = 2*s + 2*s + 5*b - 24, -6 = -s + 3*b. Suppose 0 = -s*w - 3*w + w. What is the hundreds digit of 140 - w/(0 + -4)?
1
Suppose 3 - 8 = -i + u, 2*u = i - 5. Suppose i*b + 647 = v, -4*v = 2*b - 3281 + 649. What is the tens digit of v?
5
Let d be ((-654)/3 - 4) + (-2 - -5). Let n = d + 464. What is the hundreds digit of n?
2
Let f(y) = y**2 - 13*y + 1379. What is the units digit of f(0)?
9
Suppose 0 = -0*i - 2*i + 3*i. Suppose -39*j + 40*j - 429 = i. Let d = j + -287. What is the tens digit of d?
4
Suppose 44 = -0*h + 11*h. Suppose 2 = h*q - 3*q, 4*d - q = 1974. Let u = d - 194. What is the tens digit of u?
0
Let y(x) = 18*x**2 + 57*x - 1122. What is the units digit of y(59)?
9
Let n be 11/(-22)*-4*(-4)/(-1). What is the units digit of (-2)/n + (-3 - 36348/(-48))?
4
Suppose 2*c + 140 = 30*c. Suppose 3*m + 72*f = 68*f + 2513, -c*f - 4165 = -5*m. What is the tens digit of m?
3
Let u be ((-5)/(-10))/((-1)/28). Let m(g) = g**3 + 18*g**2 + 34*g - 7. What is the tens digit of m(u)?
0
Suppose 4*c + 0*c - 16 = 0. Let w be (15/((-30)/332))/((-2)/1). Suppose -3*n + 222 = 2*j, -3*j + w + 212 = c*n. What is the units digit of n?
6
Let p be 10*-6*(-3)/90. Let s = p - -1. Suppose 899 = 3*a + 5*c, s*c - 120 = -5*a + 1357. What is the units digit of a?
3
What is the thousands digit of (-218900)/(-120) - ((-10)/12 + -7 + 8)?
1
Let x = 128 - -308. Let c = 727 - x. What is the units digit of c?
1
Let f = 73 + -55. Let q(r) = -f - 3*r**2 + 5*r**2 + 2*r + 13. What is the tens digit of q(5)?
5
Let m = -28617 + 42846. What is the thousands digit of m?
4
Let m be (-8 - (-144)/16)/(1/(-5)). What is the units digit of -4*(-6)/120 + (-4014)/m?
3
What is the tens digit of (-7)/(-14) + (-9 - 1022082/(-12))?
6
Let v = -1762 + 3066. What is the thousands digit of (v/5)/(6/(-17 + 47))?
1
Let j(q) = 119*q**2 - 100*q - 23. What is the tens digit of j(-8)?
9
Let q be 1*-4 - 410/(-10). Suppose k - q = -4. What is the tens digit of 4527/k - (-14)/(-77)?
3
Let p = -108 - -339. Suppose -93 - p = -2*s. What is the hundreds digit of s?
1
Let u be (1*-1)/((-13)/273). Let k be 1/((-3)/(-4 + 1)). Suppose -3*p - 14 = -5*q, -2*p = 4*q - u + k. What is the units digit of p?
2
Let x be 1/((-10)/25)*(-270 + -4). Suppose 3*z - 750 = -3*d + 276, -2*d = z - x. What is the tens digit of d?
4
Let k = -4579 + 9129. What is the thousands digit of k?
4
Suppose -o + 3 - 2 = 0, -4*v = -4*o - 24. Let f = 20 + v. Suppose -102 + f = -m. What is the tens digit of m?
7
Suppose -5*m + 3*h = 40, -2*m + 4*h = -52 + 68. Suppose 326 + 256 = 3*d - 3*l, 2*l = -2*d + 380. Let p = d + m. What is the units digit of p?
4
What is the ten thousands digit of (-33)/(4*7/112*(-12)/1226)?
1
Let g(y) = -760*y**3 + 2*y**2 + 5*y + 1. What is the thousands digit of g(-3)?
0
Let h = 37727 + -10489. What is the units digit of h?
8
Let r(f) = -3*f**3 - 17*f**2 + 152*f - 86. What is the units digit of r(-26)?
8
Suppose -1673 = -3*z + 5239. Suppose z = -1444*g + 1450*g. What is the hundreds digit of g?
3
Suppose -31*d + 33*d = 6. Suppose 11*p - 612 = 8*p - 3*g, -2*p + 406 = d*g. What is the units digit of p?
6
Let p be (2/5)/(20/25 - 1). Let y(t) = 165*t**2 + 5*t + 5. What is the hundreds digit of y(p)?
6
Suppose 5*p - 186 + 106 = 0. Suppose p*r - 2508 = -3*r. What is the hundreds digit of r?
1
Let a(v) = -2*v - 16. Let m be a(19). Let z = m + 104. Suppose n - 55 = z. What is the units digit of n?
5
Let o = 57691 - 28867. What is the thousands digit of o?
8
Suppose -v + 0*v = -3*u + 21561, 0 = 3*v. What is the hundreds digit of u?
1
Suppose 512 = 13*f - 5*f. Let g = f + 458. What is the tens digit of g?
2
Let c(o) = 10*o**3 + 2*o**2 + 4*o - 7. Let v be c(3). Let t = 95 - v. Let j = 310 + t. What is the units digit of j?
2
Let a = 4558 + 1132. What is the thousands digit of a?
5
Suppose -4*b - 14*y + 11*y + 8655 = 0, -4*y - 4300 = -2*b. What is the tens digit of b?
6
Let r be ((-15)/(-9))/(2/6). Suppose -5*i - r*s - 415 = 0, 9*s + 419 = -5*i + 5*s. Let c = -8 - i. What is the units digit of c?
9
Suppose 4*d + 273 = -9*d. What is the hundreds digit of -2 + 19312/28 + (-6)/d?
6
Suppose 5*y - 4*c - 1790 = -8*c, 2*y + 4*c = 728. Suppose -5*x + y = 4*v, -64 = -v + 4*x + 14. Suppose 4*t = -2 + v. What is the tens digit of t?
2
Suppose 25*q - 98181 - 992769 = 0. What is the hundreds digit of q?
6
Suppose -83*p = -100*p + 6375. Let x = 271 + p. What is the tens digit of x?
4
Suppose 44*g + 196236 = 67*g. What is the tens digit of g?
3
Let j = -17506 + 31583. What is the units digit of j?
7
Let d(y) = 3*y - 21. Let m be d(13). Suppose 69*n - 67*n - m = 0. Suppose 2*k - 2*p - 76 = 0, n*k = 6*k + 5*p + 122. What is the tens digit of k?
3
What is the tens digit of 6 - (2 - 1 - -3916)*-3?
5
Let t = 7061 - -63152. What is the hundreds digit of t?
2
Let j be (2/6)/((-19)/171). Let v be (357/(-34))/(j/28). Suppose i - v = -32. What is the tens digit of i?
6
Let b = -805 - -1108. Let t = 998 - b. What is the tens digit of t?
9
Let l(c) = c**3 + 15*c**2 + 4*c + 4490. What is the units digit of l(0)?
0
Let c = 13601 - -25287. What is the hundreds digit of c?
8
Let k(c) = -c**2 + 15*c - 5. Let b be k(-4). Let w = b - -128. What is the units digit of w?
7
Let q be (-3376)/56 - (-2)/7. Let g be 77/5 - (-24)/q. What is the tens digit of 3 + ((-12)/g)/(2/(-275))?
1
Let m be 20/(-12)*-6*8/(-20). Let q(v) = -224*v - 107. What is the tens digit of q(m)?
8
Let t be (10/(-3))/(2/(-3)). Suppose -o + 484 = t*y + 144, y = 2*o - 636. What is the tens digit of o?
2
Suppose -4004 = -4*u - 4*y, 2*u = 2*y - 0*y + 1986. Let m = u - 419. What is the hundreds digit of m?
5
Let u = 345769 + -493801. What is the units digit of 12/10 + -1 - u/240?
7
Let t = 300 + -191. Suppose -5*m - 3*k + 1024 = t, 2*m = -5*k + 347. Suppose -4*c = -3*g + 97 + 161, -2*g + m = 2*c. What is the tens digit of g?
9
Let f(b) = -16*b**2 - 3*b + 11. Let a be f(-5). Let t = 598 + a. What is the hundreds digit of t?
2
Let z be (4/(-14))/(-1)*7. Let d(i) = 149*i + 21. What is the hundreds digit of d(z)?
3
Let b(m) = 49*m**3 + 2*m - 4. Let q be 2/4 - 39/(-26). What is the hundreds digit of b(q)?
3
Let x be ((-18)/36)/(1/(-2)). Let u = x + -4. What is the units digit of u + 20/4 - -75?
7
Suppose 25*h - 2580 = 24*h. What is the thousands digit of h?
2
Suppose -3*w + 3*n + 15 = -9, -4*w + 59 = 5*n. Suppose 2604 = w*c - 1477. Suppose 0 = g - c + 170. What is the tens digit of g?
0
What is the hundreds digit of (-90)/(-240) - (-9813)/8?
2
Suppose 0 = 831*t - 829*t - 81642. What is the hundreds digit of t?
8
Let l(b) be the third derivative of -7*b**4/6 - 13*b**3/2 - 33*b**2 - 2*b. What is 